s c(f)?
15
Let c(a) = -a + 15. Let i(b) = 2*b**2 - 3*b - 18. Let d(z) = 2*c(z) - i(z). Calculate d(5).
3
Let c(j) be the first derivative of 6*j + 42 + 5/3*j**3 - 1/4*j**4 + 0*j**2. Suppose 0 = -5*l - 2*i + i + 21, 17 = l - 3*i. What is c(l)?
6
Suppose 10*x - 224 = 8*x - 2*z, -2*x = 4*z - 224. Suppose -x = -20*h + 248. Let v(t) = -1 - h*t**3 + 15*t**3 + 2*t**3 - 2*t - 3*t**2. Calculate v(-2).
-1
Let f(a) be the third derivative of -7/3*a**3 - 13/24*a**4 - 1/60*a**5 + 2*a - 20*a**2 + 0. Give f(-12).
-2
Let l(g) be the first derivative of 9*g**2/2 + 51*g + 4721. Determine l(-7).
-12
Let y(j) = -3*j + 3. Let q be y(7). Let u = 12 + q. Let a(v) = 11*v - 5. Let f(l) = 5*l - 2. Let c(g) = u*a(g) + 13*f(g). Calculate c(0).
4
Let n(j) = 87 - j**3 + j - 49 - 41. What is n(-3)?
21
Suppose 84 = 2*c - 4*c. Let t = -50 - c. Let k(p) = -7 - 34*p + 33*p - 2. What is k(t)?
-1
Let q(h) be the third derivative of -h**4/24 - 5*h**2. Suppose 0 = 12*v - 80 + 392. Let f = 23 + v. Determine q(f).
3
Let j(y) = 8*y**3 + 113*y**2 - 12*y + 98. Let i(v) = -v**3 - 16*v**2 + 2*v - 14. Let m(f) = 15*i(f) + 2*j(f). Calculate m(13).
-105
Suppose -k = -1, 3*q = 2*k - 7 - 1. Let w be -1 - 3 - (0 - 21/(-3)). Let x be w + 0 - 2*q. Let p(t) = t**3 + 7*t**2 - t + 2. What is p(x)?
9
Let l(k) = k**2 - 9*k + 4. Suppose 4*q = -5*n + 48, -7*n + 3*n + 4*q + 24 = 0. What is l(n)?
-4
Let j(v) = 25*v + 4. Let b be -3 - (-4 + (4 - -2)). Let q(w) = 18*w + 3. Let h(p) = b*j(p) + 7*q(p). Suppose 4*k + 2 = -3*t, -k = t + k + 4. Determine h(t).
7
Let f(b) = -7 - 27*b + 302*b - 4*b**2 - 20 + b - 7*b**2. Determine f(25).
-2
Let y(k) = -k - 39. Suppose -8*p + 76 + 52 = 176. What is y(p)?
-33
Let g(a) = 4*a**2 - 5*a**2 - 2*a**3 + 1 + a + 0. Let u(d) = -d**3 + 7*d + 11. Let p be u(-2). Let n be 2 + (5 - p - 0). What is g(n)?
-17
Let t(a) be the second derivative of a**4/12 - a**3/3 + 27*a**2 + 3548*a - 1. Give t(0).
54
Let g(o) = 2*o**3 - 13*o**2 + 5*o + 9. Let q be g(6). Let h(j) = 1 - 10*j + 12*j - q + 1. What is h(3)?
5
Suppose -35*n + 3*u + 7 = -30*n, 0 = -2*n - 5*u - 22. Let o(l) = 5*l**3 + 2*l**2 + 3*l + 1. Give o(n).
-5
Let p(y) be the third derivative of -y**4/6 + 77*y**3/2 - 5976*y**2. Give p(56).
7
Let q(d) = d**2 - d - 9. Let z(v) = 3*v**2 - 121*v + 40. Let j be z(40). Suppose j = 16*s - 0 - 0. Calculate q(s).
-9
Let v(f) = f**2 + 17*f + 72. Suppose -75*i - 300 - 300 = 0. Determine v(i).
0
Let a be 22/(-4) - (-1)/2. Let k(m) = 37*m**3 - 21*m**2 + 34*m - 4. Let d(o) = 17*o**3 - 10*o**2 + 16*o - 2. Let p(z) = 13*d(z) - 6*k(z). Give p(a).
3
Suppose 951 - 2771 = -260*c. Let i(u) = -u**2 + 3*u + 29. Determine i(c).
1
Suppose 19*j = 8*j + 44. Let f(n) = -n**3 + 7*n**2 - 9*n - 7. Let i be f(j). Suppose -i*l - 17 = -32. Let w(m) = -m**3 + 4*m**2 - 3*m - 4. What is w(l)?
-4
Let v(z) = -z**3 + 9*z**2 + 11*z - 5. Suppose -f - 6 - 2 = 0. Let u be (9 + f)*72*1. Suppose -11*m + 38 + u = 0. Determine v(m).
5
Let m(u) be the second derivative of -43/20*u**5 + 0 + 1/3*u**3 + 1/2*u**2 + 1/6*u**4 - 207*u. Calculate m(-1).
44
Let c be -4*((-6)/8)/1. Let t be (4 + 0)*(c - 1). Let s(d) = d**2 - 9*d - 4. Let w(v) = -2*v**2 + 18*v + 11. Let r(l) = 7*s(l) + 3*w(l). Give r(t).
-3
Let a(t) = -t**2 - 173*t - 993. Let j be a(-6). Let u(z) = -z**2 + 4*z - 21. Give u(j).
-66
Suppose 0 = 40*n - 30*n - 90. Suppose 9 + 3 = 2*d. Let b(m) = 5*m**2 + m - 12 - 6*m**2 - m**3 + 4*m**2 + d*m**2. Determine b(n).
-3
Let h(m) = 2*m - 1. Let f = 2115 - 2118. Give h(f).
-7
Let q(n) be the first derivative of 10*n**2 - 98*n + 1460. Give q(5).
2
Let f be (-46)/(-8) + 2/8. Suppose s + 10 = f*s. Let p(k) = 9*k**2 - 9*k**s - 2*k**2. Calculate p(-2).
-8
Let a = 335 + -271. Let i = 56 - a. Let p(s) = -2*s - 12. What is p(i)?
4
Let j(q) = -2764 - 2757 - q**3 + 5536 + 3*q - 9*q**2. Calculate j(-9).
-12
Let h(r) be the first derivative of -16*r**2 + r - 1. Let q be (-4 + 105/18 - 2)/(2/12). Give h(q).
33
Let o(k) = -5*k**2 + 7*k - 5. Let s(d) = 6*d**2 - 3*d + 5 + d**2 - d**2 - 4*d. Let r = 118 - 114. Let l(v) = r*s(v) + 5*o(v). Determine l(4).
7
Suppose -4 = 1468*c - 1470*c. Let g(o) = 145*o + 3 + 146*o - 3*o**3 + 2*o**2 - 294*o. Determine g(c).
-19
Let i = 12 - 18. Let v(m) = 10 - 2*m - 14 + 4*m + 10. Give v(i).
-6
Let q(s) = 29*s**2 - 3*s - 360. Let f(g) = -10*g**2 + g + 135. Let o(y) = -8*f(y) - 3*q(y). What is o(-2)?
-30
Let b(y) = -y**3 - 9*y**2 + 12*y + 34. Let v be 3*25/(-15) - (80/10 - 3). What is b(v)?
14
Let b(w) = -w**2 + 9*w - 10. Let g = -148 - -158. Let v be (-36)/(-90)*g*1 + 3. Calculate b(v).
4
Let k(t) = -t**2 - 10*t + 4. Let p = 5306 + -5316. Give k(p).
4
Let o(r) = 10*r - 43. Let q(i) = -19*i + 78. Let g(j) = 11*o(j) + 6*q(j). What is g(4)?
-21
Suppose 319 = 115*r - 141. Let k(i) = -32*i + 121. Calculate k(r).
-7
Let j(l) be the third derivative of -l**8/20160 + l**7/2520 + l**6/720 + l**5/30 + 74*l**2. Let f(z) be the third derivative of j(z). Determine f(-3).
-14
Let f(m) = 29*m**2 + m - 2. Suppose -2*x - 508 + 511 = -z, 5*x - 6 = z. Determine f(x).
28
Let y(g) = -g**3 + 6*g**2 - 3*g + 2. Let f = -181 + 186. Suppose -f = -5*r - 4*z + 15, -z = 0. Calculate y(r).
22
Let y(q) = -3 - 5 + 5 - 9*q + 2*q - 3*q**2 + 3*q**2 - q**2. Let p(a) = 3*a**2 - 4*a**2 - 7*a - 3 - 4. Let o be p(-7). Give y(o).
-3
Let r(j) = -205 + 67 + 52 + 67 + 37 - 7*j. Determine r(9).
-45
Let y = 5 - 5. Let v(u) be the first derivative of -24*u + 21 + 1/2*u**2. What is v(y)?
-24
Suppose 38*w = -0*w - 995 + 159. Let d(b) = -3*b - 75. Determine d(w).
-9
Let n(w) = -33*w**3 - 12*w**2 - 9*w. Let k(o) = 58*o**3 + 24*o**2 + 18*o. Let z(x) = 4*k(x) + 7*n(x). Give z(-11).
22
Let d(i) = 3*i**2 - 2*i - 21. Let t(h) = 4*h**2 - 4*h - 22. Let r(q) = -3*d(q) + 2*t(q). What is r(4)?
-5
Let i be (-4)/10*(-4 + 9). Let x(d) = 3*d - 10. Let m(k) = k + 2. Let n(v) = 6. Let l(u) = 2*m(u) - 2*n(u). Let r(p) = 4*l(p) - 3*x(p). Calculate r(i).
0
Let k(r) be the third derivative of 0*r + 1/60*r**5 + 13*r**2 - 1/2*r**3 + 0 + 5/24*r**4. Let n be k(-4). Let c(g) = g + 1. Give c(n).
-6
Let s(q) be the third derivative of -q**5/60 - 23*q**4/24 - 17*q**3/2 - 833*q**2. Determine s(-22).
-29
Let u(d) = 2*d - 1. Let h be -10*((-32)/20 + (2 - 1)). Suppose -m + h + 8 = 0. Let x(g) = -g**3 + 15*g**2 - 12*g - 27. Let l be x(m). Calculate u(l).
1
Let k be (125/250)/((-2)/32). Let t(w) = 13*w + 104. Determine t(k).
0
Let q = 190 + -186. Suppose x - 37 = 5*b, -b + 29 = -q*b + 4*x. Let t(w) = -w**2 - 9*w. Calculate t(b).
14
Let t(l) be the second derivative of l**3/6 + 2*l**2 + l. Suppose q + 99 = -d, -8*q + 5*d + 103 = -9*q. Let u = -95 - q. What is t(u)?
7
Suppose -10*m + 17 = 3*j - 6*m, 5*j - 36 = m. Let l(k) = 7*k - 2. Give l(j).
47
Let f(v) = -37*v - 37*v + 83*v - v**2 - 9. Suppose 0 = -13*w + 10*w + 18. Calculate f(w).
9
Let d(r) = -r**3 - 6*r**2 + 4*r + 5. Let y be 8/((-8)/(-3))*(-8)/12 + -3. What is d(y)?
-40
Let c(g) = -55*g**3 - 4*g - 45*g**3 + 2 + 161*g**3 - 59*g**3 - 5*g**2. Give c(3).
-1
Let k be (-6)/4 + 2 - 1368/16. Let b = 91 + k. Let c(l) = 4*l. Let y(w) = 9*w - 7. Let o(j) = -c(j) + y(j). Calculate o(b).
23
Let p be 10/8 + (-175)/28 + 6. Let k(d) = 29*d**2 - d. Calculate k(p).
28
Suppose -9 = -25*t + 41. Let u(v) = -5*v**2 + 0*v**2 + 0*v + 3*v - 5 + t*v**2 + v**2 - v**3. Give u(-4).
15
Let i(q) = -8*q**2 + 16*q + 15. Let z(f) = 10*f**2 - 16*f - 14. Let g(b) = 3*i(b) + 2*z(b). Let t(h) = h**2 - h + 1. Let o(u) = -g(u) - 3*t(u). Calculate o(15).
10
Let w(c) = -c**3 - 2*c**2 - 3*c - 2. Let n be w(-2). Suppose -6*s = -31 + 13. Suppose s*r + 2*h + 34 = 8*r, r + 4 = n*h. Let b(q) = -q - 1. Give b(r).
-9
Let n(d) = -d**2 - 12*d - 6. Suppose 4*h = 296 + 48. Let f = h + -88. Let t(b) = b + 1. Let k(v) = f*t(v) - n(v). What is k(-7)?
-17
Let k(l) = -l**2 - 3*l - 10. Let n(o) = -o. Let u(d) = k(d) - 10*n(d). What is u(6)?
-4
Let n(u) = -49*u - 208. Let v(m) = -32*m - 138. Let h(p) = -7*n(p) + 11*v(p). What is h(-7)?
1
Suppose 3*l = -8*d + 12*d, 4*l = -4*d. Let w(m) be the third derivative of -m**4/12 + m**3/3 - 15*m**2. What is w(d)?
2
Suppose -1364*s + 27 = -1362*s + 3*r, -4*s + 5 = -r. Let u(h) = -2*h**3 + 2*h**2 + h + 2. What is u(s)?
-31
Let u = -145 + 110. Let z = 30 + u. Let q(y) be the first derivative of -y**3/3 - 2*y**2 - y + 8. Determine q(z).
-6
Let l be (1 + 126/(-28))/((-1)/